
Is 37633 a prime number?
True
Is 79031 composite?
False
Is 339691 a composite number?
True
Is 15091 a prime number?
True
Is 3357407 composite?
False
Is 27827 a prime number?
True
Is 143837 a composite number?
True
Is 1099 prime?
False
Is 234893 a composite number?
False
Is 96047 prime?
False
Is 83177 prime?
True
Is 164663 a prime number?
True
Is 246329 prime?
True
Is 4538137 prime?
True
Is 8917 a prime number?
False
Is 57259 a prime number?
True
Is 101357 a composite number?
True
Is 44277 prime?
False
Is 4621 composite?
False
Is 2664763 prime?
True
Is 33719 a prime number?
False
Is 3693189 prime?
False
Is 5971 prime?
False
Is 40022 composite?
True
Is 445717 a composite number?
True
Is 5303 composite?
False
Is 20569 a prime number?
False
Is 66401 prime?
False
Is 8501 composite?
False
Is 8069 composite?
False
Is 413137 a prime number?
False
Is 84497 a composite number?
True
Is 1011 prime?
False
Is 284149 prime?
True
Is 1267 prime?
False
Is 14197 a prime number?
True
Is 5414 composite?
True
Is 45161 composite?
False
Is 50321 a composite number?
False
Is 1123 a composite number?
False
Is 33997 prime?
True
Is 8819 a composite number?
False
Is 14369 a composite number?
False
Is 58099 a prime number?
True
Is 1195 a composite number?
True
Is 614 a prime number?
False
Is 8489 prime?
False
Is 1970783 composite?
False
Is 1419311 a prime number?
True
Is 8057 a prime number?
False
Is 2237 a prime number?
True
Is 6733 prime?
True
Is 21787 composite?
False
Is 111658 composite?
True
Is 124103 a composite number?
True
Is 222553 prime?
True
Is 90637 composite?
True
Is 33403 a composite number?
False
Is 185023 composite?
True
Is 149027 composite?
False
Is 1261979 composite?
True
Is 8491 a composite number?
True
Is 369687 composite?
True
Is 92693 a composite number?
False
Is 72827 a prime number?
False
Is 900671 a composite number?
False
Is 17657 prime?
True
Is 61207 a composite number?
True
Is 15481 a composite number?
True
Is 1086877 a prime number?
False
Is 1751773 prime?
True
Is 5541 composite?
True
Is 415297 a composite number?
True
Is 7081 a prime number?
False
Is 1630393 composite?
False
Is 74597 a composite number?
False
Is 166319 composite?
False
Is 205823 a composite number?
False
Is 2411 a prime number?
True
Is 2728207 a composite number?
False
Is 67003 prime?
True
Is 23699 prime?
False
Is 1049609 a composite number?
True
Is 127637 a prime number?
True
Is 17509 a prime number?
True
Is 25439 a prime number?
True
Is 6121 a prime number?
True
Is 116657 composite?
False
Is 544429 prime?
True
Is 500941 composite?
True
Is 264553 a prime number?
True
Is 88583 a prime number?
False
Is 12791 prime?
True
Is 22679 composite?
False
Is 567539 a composite number?
True
Is 23011 a prime number?
True
Is 10747 a prime number?
False
Is 625343 prime?
True
Is 104459 a prime number?
True
Is 29765 a prime number?
False
Is 30883 prime?
False
Is 100907 composite?
False
Is 6521 composite?
False
Is 8641 a composite number?
False
Is 200293 a prime number?
True
Is 605921 a composite number?
False
Is 223 a prime number?
True
Is 231421 prime?
False
Is 244526 a composite number?
True
Is 229393 a composite number?
False
Is 131681 composite?
True
Is 96893 a prime number?
True
Is 194 a prime number?
False
Is 10821 composite?
True
Is 38899 composite?
True
Is 1298261 a prime number?
True
Is 419 a prime number?
True
Is 650387 a prime number?
True
Is 73181 a prime number?
True
Is 34811 a prime number?
False
Is 903566 a composite number?
True
Is 27065 composite?
True
Is 1733 a composite number?
False
Is 22013 prime?
True
Is 10001 composite?
True
Is 23663 a prime number?
True
Is 6998 a prime number?
False
Is 421861 a composite number?
True
Is 789 composite?
True
Is 967 a prime number?
True
Is 56831 composite?
True
Is 112121 a composite number?
False
Is 5619781 prime?
True
Is 450629 a composite number?
True
Is 115417 prime?
False
Is 51149 a prime number?
False
Is 311809 composite?
True
Is 47981 a composite number?
False
Is 59201 composite?
True
Is 403433 a composite number?
False
Is 1310939 a prime number?
False
Is 49003 a composite number?
False
Is 1399 a composite number?
False
Is 1141297 composite?
True
Is 10081 prime?
False
Is 18739 composite?
True
Is 102919 a prime number?
False
Is 2917 prime?
True
Is 42847 composite?
True
Is 1043 a composite number?
True
Is 497921 composite?
True
Is 13553 prime?
True
Is 13291 composite?
False
Is 230029 a prime number?
False
Is 179161 a composite number?
False
Is 25133 prime?
False
Is 76207 a composite number?
False
Is 3350147 composite?
False
Is 35419 prime?
True
Is 36263 a prime number?
True
Is 39803 a prime number?
False
Is 37511 composite?
False
Is 3137 prime?
True
Is 2563 prime?
False
Is 185593 a composite number?
False
Is 182111 a prime number?
True
Is 521 a prime number?
True
Is 4889 a composite number?
False
Is 78454 a composite number?
True
Is 389479 prime?
True
Is 8713 a prime number?
True
Is 4271 a prime number?
True
Is 8201 prime?
False
Is 34633 a prime number?
False
Is 273629 a composite number?
False
Is 434809 a prime number?
False
Is 3697 a prime number?
True
Is 603367 a prime number?
False
Is 201329 composite?
False
Is 47189 prime?
True
Is 20019 composite?
True
Is 184553 composite?
False
Is 36523 composite?
False
Is 131739 composite?
True
Is 186551 composite?
False
Is 1993 a prime number?
True
Is 11359 a composite number?
True
Is 4505333 a composite number?
True
Is 18371 prime?
True
Is 25107 a prime number?
False
Is 20021 composite?
False
Is 16669 a composite number?
True
Is 15107 prime?
True
Is 46615 composite?
True
Is 37903 prime?
False
Is 268259 a composite number?
True
Is 3343 prime?
True
Is 26323 a composite number?
True
Is 39971 prime?
True
Is 346891 a composite number?
False
Is 124647 prime?
False
Is 45245 composite?
True
Is 23239 prime?
False
Is 208711 a composite number?
True
Is 17209 composite?
False
Is 21583 a prime number?
False
Is 50357 a composite number?
True
Is 51449 a composite number?
False
Is 14617 a composite number?
True
Is 85123 prime?
False
Is 94517 a prime number?
False
Is 23383 composite?
True
Is 153557 a prime number?
True
Is 7891 prime?
False
Is 442753 a composite number?
False
Is 328901 prime?
True
Is 427579 a composite number?
False
Is 79 composite?
False
Is 147449 a composite number?
False
Is 45497 prime?
True
Is 110974 a composite number?
True
Is 4952239 a prime number?
True
Is 44809 composite?
False
Is 14078 prime?
False
Is 157709 a composite number?
True
Is 253937 a composite number?
False
Is 1028171 prime?
False
Is 35689 prime?
False
Is 76649 composite?
False
Is 829139 a composite number?
True
Is 909203 prime?
True
Is 8923 prime?
True
Is 41113 prime?
True
Is 7993 a prime number?
True
Is 682901 prime?
True
Is 1794659 a composite number?
False
Is 226079 a composite number?
True
Is 904399 a composite number?
False
Is 5323 composite?
False
Is 114865 prime?
False
Is 58757 composite?
False
Is 5981 prime?
True
Is 285445 composite?
True
Is 2953 a composite number?
False
Is 614 prime?
False
Is 102743 composite?
True
Is 11959 a composite number?
False
Is 16369 a prime number?
True
Is 8317 a prime number?
True
Is 279041 a composite number?
True
Is 410899 a composite number?
False
Is 126647 prime?
False
Is 36667 a prime number?
False
Is 14971 prime?
False
Is 5155 a composite number?
True
Is 120121 a prime number?
True
Is 267827 a composite number?
True
Is 66221 composite?
False
Is 9461 a prime number?
True
Is 84895 composite?
True
Is 88589 composite?
False
Is 304673 composite?
True
Is 17657 a prime number?
True
Is 15107 composite?
False
Is 86257 a prime number?
True
Is 6997 a prime number?
True
Is 3865 a prime number?
False
Is 61169 a prime number?
True
Is 119591 prime?
True
Is 17717 a composite number?
True
Is 11207 a prime number?
False
Is 47837 a prime number?
True
Is 2067493 a composite number?
True
Is 18427 a prime number?
True
Is 134459 a prime number?
False
Is 335449 prime?
True
Is 53351 a prime number?
False
Is 2707 a composite number?
False
Is 60157 prime?
False
Is 24515 a composite number?
True
Is 316963 a composite number?
True
Is 47539 a prime number?
False
Is 35747 prime?
True
Is 11797 a composite number?
True
Is 7195 prime?
False
Is 750317 prime?
False
Is 6139 prime?
False
Is 33457 a prime number?
